h be (2 + 2320/(-15))*3. Let v = h - -460. List the prime factors of v.
2
Let y(c) = 6*c**2 + 144*c + 520. What are the prime factors of y(-57)?
2, 5903
Let j(q) = 2*q**2 + 89*q + 13. Let i(m) = -m**2 + 2. Let p(h) = 6*i(h) - j(h). List the prime factors of p(-10).
89
Suppose 17375 + 517882 = 34*n - 1090181. List the prime factors of n.
47807
Suppose 1 = 2*j + 5. Let i(a) = a + 1. Let w(t) = 50*t + 4. Let h(r) = 3*i(r) - w(r). List the prime factors of h(j).
3, 31
Let c = 907 + -905. Let y(f) be the third derivative of 59*f**4/24 - 4*f**3/3 + 3*f**2. What are the prime factors of y(c)?
2, 5, 11
List the prime factors of (136/306 - 218877/54)*-6.
24317
Suppose -44*a = -280794 - 796678. What are the prime factors of a?
2, 3061
Let u(v) be the third derivative of -13*v**7/1260 + v**5/4 - 23*v**2. Let s(k) be the third derivative of u(k). What are the prime factors of s(-2)?
2, 13
Suppose -16*n - 79193 = -399657. List the prime factors of n.
20029
Let p = -1113 - -1192. What are the prime factors of p?
79
Let a be 13/2*(17 + 1). Suppose 4605 - 17149 = -112*u. Let v = a - u. List the prime factors of v.
5
Let z be ((-318)/(-8))/((-1)/(-4)). Let k(g) = 78*g + 1452. Let b be k(-20). Let d = z + b. What are the prime factors of d?
3, 17
Suppose 4*a = f + 185, a + 3*f - 4*f - 47 = 0. Let w = 468 + -483. Let o = w + a. What are the prime factors of o?
31
Suppose 9*z + 182 = 2*z. Let x = -26 - z. Suppose x = o + 5*l - 65, 4*o = -7*l + 2*l + 200. What are the prime factors of o?
3, 5
Suppose -47*b = -62*b - 101*b + 1089472. List the prime factors of b.
2, 587
Suppose 8*j - 3*o = 13*j - 64806, -4*j = -4*o - 51832. List the prime factors of j.
2, 3, 5
Let z = -168 - -172. Suppose -2*f = z*b - 844, 0 = -5*f + f + 8. What are the prime factors of b?
2, 3, 5, 7
Suppose 4*h + 20 = -0*h, -35 = 4*c - h. Let g be (-2)/(-20)*8*25/c. Let o(f) = 58*f**2 + 9*f + 2. List the prime factors of o(g).
2, 3
Let f(v) = v**2 - 3*v - 2. Let c be f(-1). Suppose 4*h - 2*b - 3*b - 4761 = 0, -c*h = 2*b - 2394. Suppose 236 = 10*z - h. List the prime factors of z.
11, 13
Let t = -120 - -155. List the prime factors of 1494/15 + 1 + 14/t.
101
Suppose 0 = 6*a - 306 - 402. Let d = a + -6. What are the prime factors of d?
2, 7
Let b(d) = -58*d + 265. Let r be b(2). Let s = 98 - 51. Let f = r - s. List the prime factors of f.
2, 3, 17
Let r = 17256 - 8178. List the prime factors of r.
2, 3, 17, 89
Let q be -5 + (4 + -5)*-2. Let c be ((q - -3)/2)/2. Suppose -11*p + 1070 - 3 = c. What are the prime factors of p?
97
Let g(p) = -695*p + 1020. What are the prime factors of g(-33)?
3, 5, 1597
Let s(b) = -489*b - 2010. What are the prime factors of s(-6)?
2, 3, 7, 11
Let z(a) = -a**3 + 29*a**2 - 28*a - 1. Let r be z(28). Suppose -5*i - 9 = -3*m, 4*i + 7 = 3*m + 1. What are the prime factors of 2 - (m + 2)/r?
2
Let h = 867 - -267. Suppose 5*i + h = -f + 5359, 0 = -f. List the prime factors of i.
5, 13
Let p be (0 + 1)*0/(-16). Suppose 6*q - 5*q = -l + 150, -2*q + 3*l + 310 = p. What are the prime factors of q?
2, 19
Suppose 0 = 4*v - 9*v - 835. Let y be (v + -4)*2/(-6). Let j = y + -40. List the prime factors of j.
17
Let r be ((-62)/(-8))/((-1)/4). Let h = -38 - r. List the prime factors of (-2 + 1)/((1/h)/1).
7
List the prime factors of (-50)/15 - (-6549316)/318.
2, 3, 11, 13
Let z(v) = -64 - 14*v - 4*v + 5*v. Suppose 4*g + 212 = 164. List the prime factors of z(g).
2, 23
Let w(g) = g**2 - 2*g - 1. Let n be w(-6). Let d = 51 - n. Suppose 3*z - d - 2 = 0. List the prime factors of z.
2
Let a be (30/8)/((-2)/(-48)). Let h = a + -71. Suppose 3*f = 6, 59 = 4*k - 3*f - h. What are the prime factors of k?
3, 7
Let d = 176 - 170. What are the prime factors of 228/(-8)*3*d/(-27)?
19
Let i = -22 - -55. Suppose -l + i - 4 = 0. Suppose l = 14*g - 13*g. List the prime factors of g.
29
Let k(s) = 11886*s**2 - 3*s + 3. What are the prime factors of k(1)?
2, 3, 7, 283
Let o(n) = -2*n**2 - 11*n + 9. Let k be o(-6). Let y = 472 + k. What are the prime factors of y?
5, 19
Let y be (0 - -30)/((-22)/(-132)). Let b = y + 35. Suppose 2*m = -g + 109, -3*m - 24 = -4*g - b. What are the prime factors of m?
3, 19
Let z(m) = 3*m**2 - 11*m + 6. Suppose -7*c - 72 - 33 = 0. What are the prime factors of z(c)?
2, 3, 47
Let d(h) = 643*h - 356. What are the prime factors of d(19)?
29, 409
Let n(i) = -i**2 - 18*i + 3. Let a be n(-15). List the prime factors of (-156)/39 - a*-7.
2, 83
Let m(r) = 3*r**3 + 59*r**2 - 38*r - 22. Let y be m(-20). What are the prime factors of (-18)/((-72)/20) + y*1?
7
Let k(l) = -l**3 - 21*l**2 - 185*l - 2922. List the prime factors of k(-21).
3, 107
Suppose 0 = r + 3*i - 20995, -3*r + 6469 = -5*i - 56488. List the prime factors of r.
139, 151
Let d(n) = 110*n - 89. Let s = 662 - 652. List the prime factors of d(s).
3, 337
Let o(a) = -756*a + 6860. What are the prime factors of o(-29)?
2, 7, 257
Suppose u - 1 = 0, 2*h - 4*h - 5*u = -4295. Suppose -474 = -3*k + h. What are the prime factors of k?
3, 97
Suppose -9*r - 6*r + 12600 = 0. Suppose -2*g - 82 = -j - 514, -4*g - 4*j = -r. What are the prime factors of g?
2, 107
Let o be (52/16 - 1) + (-5)/4. Let w(g) = 163*g**2 + 11*g - 12. List the prime factors of w(o).
2, 3
Let h = -124 + 129. Suppose 0 = n - 2, 2*q + q + h*n - 259 = 0. What are the prime factors of q?
83
Let f(g) = -g**3 + 6*g + 1. Let d be f(-2). Let p be (d/1)/(3/(-89)). Let u = -61 + p. What are the prime factors of u?
2, 7
Let t(m) = m**3 + 14*m**2 - 16*m - 22. Suppose -b - 14 = -5*i - 84, -5*i = -3*b + 70. What are the prime factors of t(i)?
2, 101
Let b be -5 - 0 - ((12 - 8) + -11). Suppose -3*u + 4969 = 4*j, -b*u = -5*j - 3547 + 242. List the prime factors of u.
5, 331
Let j(p) = -50475*p**3 - 5*p**2 - 23*p - 18. List the prime factors of j(-1).
3, 5, 673
Let n(k) = 5*k + 2. Let s be (-772)/(-24) - 8/48. Let x = s + -5. List the prime factors of n(x).
137
Let n(b) = -b + 126 - 66 + 48*b**2 - 73. What are the prime factors of n(3)?
2, 13
Let l = 3 + -1. Suppose 0 = 2*y - 2*g - 258, -5*y = -g - l*g - 647. What are the prime factors of y?
2, 5, 13
Let z = -52 - -52. Let n(y) = -y**3 - 3*y + 21. Let r be n(z). What are the prime factors of 4/(-7) + 4611/r?
3, 73
Let d(g) = -2*g**3 - 49*g**2 - 18*g - 216. What are the prime factors of d(-31)?
5, 17, 151
Suppose 0*a + 448 = 2*a. Suppose 2*r - 4128 = -9*r - 2731. Let l = a - r. What are the prime factors of l?
97
Suppose 0 = -2*c, 10*c + 3096 = 4*g + 8*c. Let d = g + -730. What are the prime factors of d?
2, 11
Suppose 11*f + 32 = 15*f. Suppose -4 = w - f. Let x(u) = 2*u**3 - 6*u**2 + u + 7. What are the prime factors of x(w)?
43
Let r be 846/15*-5*3/(-6). Let n = 150 - r. List the prime factors of ((-288)/(-27) + -3)*1*n.
3, 23
Let t(p) = -p**3 + 32*p**2 - 6*p + 54. What are the prime factors of t(29)?
3, 89
Let o = 656 + -589. What are the prime factors of (o - 2)/(19/285)?
3, 5, 13
Suppose -a = -3, -5*i + 2*a - 28190 = -7*i. What are the prime factors of i?
2, 13, 271
Let n be (-10*(-1)/2)/((-49)/(-16023)). Suppose 2*s - 4*s = 3*t - 819, -4*s + n = 5*t. List the prime factors of s.
3, 5
List the prime factors of (28/16 + 5411/(-4))/(1/(-4)).
2, 7, 193
Suppose -64*b + 14 = -62*b. Suppose 5*o = b*o - 138. What are the prime factors of o?
3, 23
Let f(u) = -2. Let h(a) = -13*a + 566. Let x(d) = 6*f(d) + h(d). What are the prime factors of x(0)?
2, 277
Let q(o) = o**3 - 4*o**2 + 5*o - 2. Let w be q(3). Suppose 0*s = 4*s - 16, w*x = -2*s + 1624. What are the prime factors of x?
2, 101
Suppose 12*v + 9*v - 525 = 0. Suppose -12*n + v*n - 1885 = 0. What are the prime factors of n?
5, 29
Let j = -158 + 160. Suppose -j*d = 8*d - 4580. What are the prime factors of d?
2, 229
Let m(v) = -4*v**2 - 37*v - 3. Let h be m(-9). Let n(b) = -10*b**2 - 10*b + 65. Let g be n(h). Let d = g + 508. What are the prime factors of d?
3, 17
Let h(w) = 57*w - 340. Let u be h(6). List the prime factors of 932 - 7 - u/4*-10.
2, 3, 5, 31
Let g be (-14)/(-4)*-2 + 22. Suppose g*w - 10*w + 3*q - 3107 = 0, -q = 5*w - 3109. What are the prime factors of w?
2, 311
Suppose 0*n + 2*n = 4. Let f be (-70)/(-21)*1548/30. Suppose -2*v - f = -3*j, -v + n*v + 58 = j. What are the prime factors of j?
2, 7
Let l = -3341 - -9743. What are the prime factors of l?
2, 3, 11, 97
Let u 